e
Does 70 divide 34510?
True
Is 70737 a multiple of 12?
False
Is 5 a factor of 1805?
True
Is 17 a factor of 5899?
True
Is 2082 a multiple of 24?
False
Does 79 divide 61968?
False
Is 10 a factor of 270?
True
Is 1215 a multiple of 27?
True
Does 32 divide 1258?
False
Is 10 a factor of 740?
True
Is 125 a factor of 2250?
True
Is 2121 a multiple of 21?
True
Is 1181 a multiple of 66?
False
Is 8 a factor of 13960?
True
Does 44 divide 5368?
True
Is 35 a factor of 37193?
False
Is 2545 a multiple of 60?
False
Is 10 a factor of 1310?
True
Does 6 divide 336?
True
Does 33 divide 1528?
False
Is 240 a multiple of 14?
False
Is 18 a factor of 12204?
True
Is 122845 a multiple of 26?
False
Is 4275 a multiple of 75?
True
Is 61 a factor of 460?
False
Is 10332 a multiple of 36?
True
Is 25900 a multiple of 22?
False
Is 112 a multiple of 7?
True
Is 19 a factor of 11035?
False
Does 143 divide 7423?
False
Is 65 a factor of 2190?
False
Is 12 a factor of 1100?
False
Does 22 divide 418?
True
Is 64005 a multiple of 15?
True
Is 60 a multiple of 28?
False
Is 1119 a multiple of 74?
False
Is 100 a factor of 12364?
False
Is 4 a factor of 20?
True
Is 2097 a multiple of 12?
False
Does 71 divide 168483?
True
Is 13 a factor of 1865?
False
Does 61 divide 16574?
False
Is 11 a factor of 4521?
True
Is 77 a multiple of 7?
True
Does 132 divide 6600?
True
Is 48 a factor of 1152?
True
Does 13 divide 637?
True
Does 102 divide 6589?
False
Is 26765 a multiple of 4?
False
Does 22 divide 1760?
True
Is 34138 a multiple of 101?
True
Is 188 a factor of 10340?
True
Is 322 a multiple of 9?
False
Does 263 divide 48918?
True
Is 27 a factor of 1944?
True
Does 37 divide 1702?
True
Does 246 divide 46298?
False
Does 166 divide 9960?
True
Does 71 divide 7336?
False
Is 41910 a multiple of 165?
True
Does 23 divide 6276?
False
Does 7 divide 3361?
False
Is 38 a factor of 39976?
True
Is 660 a multiple of 30?
True
Is 43 a factor of 4773?
True
Is 66 a factor of 2046?
True
Does 69 divide 595?
False
Is 49 a factor of 27244?
True
Is 1032 a multiple of 4?
True
Is 45 a multiple of 3?
True
Is 7 a factor of 98?
True
Is 612 a multiple of 21?
False
Does 10 divide 120?
True
Is 474 a multiple of 10?
False
Is 9 a factor of 63677?
False
Is 50 a factor of 444?
False
Does 54 divide 864?
True
Is 18 a factor of 27839?
False
Is 962 a multiple of 26?
True
Is 14 a factor of 73?
False
Is 31 a factor of 74?
False
Is 543 a multiple of 18?
False
Is 2 a factor of 108?
True
Does 4 divide 308?
True
Is 24440 a multiple of 40?
True
Is 11552 a multiple of 78?
False
Does 16 divide 8037?
False
Is 4 a factor of 2464?
True
Is 99 a multiple of 3?
True
Is 4155 a multiple of 88?
False
Is 14 a factor of 6304?
False
Is 4163 a multiple of 48?
False
Does 45 divide 22034?
False
Does 69 divide 7929?
False
Is 3112 a multiple of 36?
False
Does 28 divide 822?
False
Is 384 a factor of 39936?
True
Is 11 a factor of 304?
False
Is 101072 a multiple of 16?
True
Does 5 divide 2618?
False
Does 15 divide 9218?
False
Is 18 a factor of 605?
False
Is 26 a factor of 385?
False
Is 12292 a multiple of 28?
True
Is 3645 a multiple of 6?
False
Does 27 divide 2970?
True
Is 436 a multiple of 14?
False
Does 10 divide 7540?
True
Is 8145 a multiple of 5?
True
Is 24 a factor of 6648?
True
Is 243 a multiple of 9?
True
Is 12 a factor of 168?
True
Is 8932 a multiple of 11?
True
Is 70 a factor of 11460?
False
Does 7 divide 10?
False
Is 5 a factor of 624?
False
Is 309 a multiple of 17?
False
Does 2 divide 73?
False
Is 861 a multiple of 41?
True
Is 852 a multiple of 20?
False
Does 8 divide 1355?
False
Is 8 a factor of 14014?
False
Does 14 divide 1581?
False
Is 18 a factor of 5562?
True
Is 1237 a multiple of 10?
False
Is 4 a factor of 418?
False
Is 297 a multiple of 5?
False
Is 5 a factor of 37283?
False
Does 81 divide 1807?
False
Does 22 divide 14896?
False
Is 82 a factor of 27703?
False
Does 8 divide 12168?
True
Does 123 divide 15375?
True
Is 141 a factor of 17485?
False
Does 2 divide 249?
False
Does 14 divide 1316?
True
Does 8 divide 558?
False
Is 15 a factor of 30405?
True
Is 1185 a multiple of 15?
True
Does 6 divide 234?
True
Does 256 divide 33024?
True
Is 756 a multiple of 126?
True
Is 21 a factor of 1245?
False
Is 11 a factor of 1074?
False
Does 19 divide 2294?
False
Is 3024 a multiple of 42?
True
Is 1205 a multiple of 14?
False
Is 5 a factor of 1230?
True
Is 3 a factor of 596?
False
Does 61 divide 1401?
False
Is 25 a factor of 2225?
True
Is 47 a factor of 1214?
False
Is 32978 a multiple of 22?
True
Is 24 a factor of 179880?
True
Is 6 a factor of 5012?
False
Does 14 divide 5388?
False
Is 34 a factor of 4114?
True
Does 10 divide 1163?
False
Is 56 a factor of 9800?
True
Is 71 a factor of 23623?
False
Does 9 divide 1899?
True
Does 32 divide 144?
False
Is 1315 a multiple of 7?
False
Does 41 divide 62939?
False
Is 17 a factor of 1065?
False
Is 842 a multiple of 33?
False
Is 9975 a multiple of 105?
True
Is 18966 a multiple of 109?
True
Is 2 a factor of 32?
True
Is 1916 a multiple of 53?
False
Is 31 a factor of 8907?
False
Is 26 a multiple of 13?
True
Does 115 divide 86717?
False
Is 69 even?
False
Does 57 divide 24909?
True
Is 5 a factor of 856?
False
Is 70 a factor of 7629?
False
Is 173 a factor of 17135?
False
Is 620 a multiple of 4?
True
Is 7 a factor of 2688?
True
Does 20 divide 102?
False
Does 15 divide 28363?
False
Is 41774 a multiple of 38?
False
Is 34 a factor of 2618?
True
Does 38 divide 2128?
True
Is 400 a multiple of 50?
True
Is 15 a factor of 1230?
True
Is 4780 a multiple of 13?
False
Does 16 divide 816?
True
Does 7 divide 588?
True
Does 16 divide 478?
False
Does 45 divide 131652?
False
Is 67 a factor of 48106?
True
Is 8036 a multiple of 196?
True
Is 12 a factor of 248?
False
Does 9 divide 738?
True
Is 104 a factor of 16016?
True
Is 8424 a multiple of 50?
False
Is 3501 a multiple of 3?
True
Is 525 a multiple of 36?
False
Does 10 divide 28?
False
Is 187 a factor of 11594?
True
Is 180 a factor of 25080?
False
Is 15456 a multiple of 16?
True
Does 4 divide 21157?
False
Is 1800 a multiple of 60?
True
Is 36 a factor of 2529?
False
Does 18 divide 539?
False
Is 16 a factor of 8754?
False
Does 31 divide 2019?
False
Is 23 a factor of 4719?
False
Is 17 a factor of 1679?
False
Is 39 a multiple of 13?
True
Is 7 a factor of 28896?
True
Is 35 a factor of 296?
False
Is 33 a factor of 33660?
True
Is 8742 a multiple of 62?
True
Is 114 a factor of 6498?
True
Does 14 divide 1302?
True
Does 11 divide 2497?
True
Is 92730 a multiple of 33?
True
Is 35 a factor of 2870?
True
Does 27 divide 201?
False
Does 43 divide 24596?
True
Is 27 a factor of 82?
False
Is 2398 a multiple of 84?
False
Does 57 divide 12685?
False
Is 316 a multiple of 17?
False
Does 14 divide 2968?
True
Is 3 a factor of 177?
True
Does 105 divide 10097?
False
Is 17 a factor of 1493?
False
Is 7 a factor of 6621?
False
Is 10 a factor of 295?
False
Is 8355 a multiple of 121?
False
Is 23619 a multiple of 28?
False
Is 3 a factor of 283?
False
Does 70 divide 11060?
True
Does 36 divide 1125?
False
Is 37970 a multiple of 125?
False
Is 10 a factor of 11540?
True
Does 6 divide 8610?
True
Does 3 divide 161?
False
Is 50 a factor of 4994?
False
Is 24 a factor of 21552?
True
Is 422 a factor of 91705?
False
Is 32 a factor of 5754?
False
Is 4 a factor of 73?
False
Does 5 divide 260?
True
Does 96 divide 53088?
True
Does 52 divide 728?
True
Is 16527 a multiple of 21?
True
Is 132 even?
True
Is 4 a factor of 114?
False
Does 59 divide 17888?
False
Is 2908 a multiple of 87?
False
Is 9165 a multiple of 65?
True
Does 4 divide 152?
True
Is 210 a factor of 56280?
True
Is 24 a factor of 7501?
False
Is 405 a multiple of 13?
False
Is 4 a factor of 432?
True
Is 6624 a multiple of 46?
True
Is 298 a multiple of 5?
False
Is 925 a multiple of 12?
False
Is 18 a factor of 838?
False
Is 6 a factor of 16974?
True
Is 8370 a multiple of 31?
True
Is 20 a factor of 1547?
False
Is 3012 a multiple of 12?
True
Does 11 divide 7620?
False
Is 168 a multiple of 24?
True
Is 51029 a multiple of 173?
False
Is 9 a factor of 2088?
True
Does 312 divide 42432?
True
Is 44 a factor of 9944?
True
Is 16 a factor of 46?
False
Is 30178 a multiple of 129?
False
Is 769 a multiple of 18?
False
Is 318 a multiple of 10?
False
Does 53 divide 212?
True
Is 69900 a multiple of 30?
True
Is 3 a factor o